2
In base 13, what is 9 - 526?
-51a
In base 8, what is 15 + 16054?
16071
In base 5, what is -132 + -1411?
-2043
In base 5, what is 4103 + 11?
4114
In base 10, what is 9667 - -8?
9675
In base 11, what is -3 - 1a595?
-1a598
In base 4, what is 13 + -32101303?
-32101230
In base 13, what is -b3ac - -4?
-b3a8
In base 13, what is -3a - -61704?
61697
In base 12, what is -15690 + -58?
-15728
In base 14, what is -9 + 65c?
653
In base 6, what is 112033552 + -3?
112033545
In base 11, what is 97 - 7?
90
In base 6, what is 1 + 3025541?
3025542
In base 13, what is 3a19 + -2?
3a17
In base 8, what is 306 + 24421?
24727
In base 5, what is -121104 - -12?
-121042
In base 15, what is 116b - 8?
1163
In base 4, what is 212 - -1200132?
1201010
In base 13, what is -79 - 4ab8?
-4b64
In base 10, what is 9741 - -15?
9756
In base 3, what is -11 - 21110120?
-21110201
In base 15, what is 11a - -4b?
166
In base 2, what is -111 - 10100011110?
-10100100101
In base 15, what is 7 - 2a78?
-2a71
In base 13, what is -31888 + 10?
-31878
In base 15, what is -7 + -23703?
-2370a
In base 2, what is 10 - 100100011010?
-100100011000
In base 6, what is 1 - 140003?
-140002
In base 10, what is 13 - -4498?
4511
In base 2, what is -111101110 + -111110?
-1000101100
In base 4, what is -222 - -2233013?
2232131
In base 5, what is -3341 - -102?
-3234
In base 6, what is 33 + -134341?
-134304
In base 10, what is 2105 - -12?
2117
In base 5, what is 14224112 - 10?
14224102
In base 8, what is 44537 + -3?
44534
In base 8, what is -325223 - -1?
-325222
In base 16, what is -43 + 517?
4d4
In base 3, what is 201020 - -12201?
220221
In base 3, what is 120 + -11212101212?
-11212101022
In base 15, what is -7654 + 5?
-764e
In base 14, what is -13aa + 8?
-13a2
In base 10, what is -138 - -224?
86
In base 5, what is -123 - 23011?
-23134
In base 8, what is -13170 + 0?
-13170
In base 13, what is -127025 + 3?
-127022
In base 9, what is -488368 + 1?
-488367
In base 4, what is 2 + -3101030?
-3101022
In base 10, what is -604 + -6?
-610
In base 13, what is 38 + 17a56?
17a91
In base 6, what is -4 + 3550?
3542
In base 5, what is 24121000 - 3?
24120442
In base 6, what is 153 + 223052?
223245
In base 2, what is 10100000011 - 1000111?
10010111100
In base 11, what is -6a976 + -26?
-6a9a1
In base 8, what is 1243 + 5?
1250
In base 2, what is -110000 - 1011100110110011?
-1011100111100011
In base 9, what is 114 + -106?
7
In base 6, what is 0 + -45432?
-45432
In base 3, what is 12001001002 - 1?
12001001001
In base 8, what is 6 + 24?
32
In base 10, what is -402099 + -12?
-402111
In base 7, what is -2651 + -150?
-3131
In base 11, what is 3 - -87909?
87911
In base 8, what is 7565 + 0?
7565
In base 2, what is 1000011 + 1100100010011100?
1100100011011111
In base 11, what is -6 - 13813?
-13819
In base 6, what is 1 + -15341?
-15340
In base 8, what is -42 + 12452?
12410
In base 14, what is -73 - 258?
-2cb
In base 3, what is -1211200212 - -1?
-1211200211
In base 5, what is 3421 - 1110?
2311
In base 15, what is 7 - 279c?
-2795
In base 15, what is -59 + -bae?
-c18
In base 11, what is -30821 - 4?
-30825
In base 10, what is 61 - -33108?
33169
In base 3, what is -1 + -1112212200?
-1112212201
In base 4, what is -32 - -220312?
220220
In base 2, what is -10 - -1000011100111011?
1000011100111001
In base 15, what is -12 - 105a7?
-105b9
In base 16, what is -70a6 - -d?
-7099
In base 9, what is 3343460 - -5?
3343465
In base 14, what is -458 + 1d?
-439
In base 11, what is 12526 - -6?
12531
In base 12, what is -4 + 124014?
124010
In base 16, what is 1e3 + -6ea?
-507
In base 8, what is 2424 - -126?
2552
In base 9, what is -4235 - -1603?
-2532
In base 15, what is 948 - -117?
a60
In base 7, what is -41253 - 6?
-41262
In base 6, what is -23450 + -240?
-24130
In base 8, what is 5215 + 5?
5222
In base 15, what is -74b - 19?
-765
In base 14, what is -5 - 1d7a?
-1d81
In base 15, what is 133 - -391?
4c4
In base 2, what is 101 - 10011001010?
-10011000101
In base 11, what is -10521aa + 0?
-10521aa
In base 2, what is 1110101001 - -1001011101110?
1011010010111
In base 16, what is 1e3b1 + 1?
1e3b2
In base 10, what is -6793 + 2?
-6791
In base 9, what is 5424 + -25?
5388
In base 4, what is 10 - 2201202031?
-2201202021
In base 6, what is 421425 + -34?
421351
In base 10, what is 154 + 49?
203
In base 12, what is -4 + -4544b?
-45453
In base 13, what is 4 + -366b?
-3667
In base 8, what is 264135 + -1?
264134
In base 5, what is 1 + -120430003?
-120430002
In base 11, what is -a35 - -a50?
16
In base 14, what is 323 + -82?
281
In base 12, what is 0 - 190ba?
-190ba
In base 15, what is 4 - 1eb35?
-1eb31
In base 2, what is -10111011 - -10010111?
-100100
In base 2, what is -11111000010111010 - -10110?
-11111000010100100
In base 4, what is -2 - -2321?
2313
In base 8, what is 10055213 - 0?
10055213
In base 13, what is -6 + -1712c?
-17135
In base 14, what is -752 - 688?
-dda
In base 5, what is 22130 - 10211?
11414
In base 6, what is -2 - -32325?
32323
In base 11, what is -4 - -2a179?
2a175
In base 9, what is -636 - -8?
-627
In base 9, what is -387 - -3125?
2627
In base 12, what is 43828b + -5?
438286
In base 13, what is 1473b1b + 0?
1473b1b
In base 16, what is 153b - 9?
1532
In base 5, what is 1243401 - 0?
1243401
In base 11, what is 311 + 41?
352
In base 4, what is -3103 - -1001?
-2102
In base 6, what is -55544322 + -3?
-55544325
In base 3, what is 10 - 11111010?
-11111000
In base 13, what is -35c74 + 5?
-35c6c
In base 15, what is -108 + 0?
-108
In base 5, what is -41 - 22101?
-22142
In base 10, what is 1962 + -59?
1903
In base 7, what is -26 + 365?
336
In base 9, what is 256002 - 1?
256001
In base 14, what is -1312 - 2?
-1314
In base 6, what is 512 - -5102?
10014
In base 6, what is -5 + -53255?
-53304
In base 6, what is 14 - 112451?
-112433
In base 7, what is -556621 + -2?
-556623
In base 2, what is -10010110101110000 + 100?
-10010110101101100
In base 13, what is 1b1 + 42?
223
In base 5, what is -133334 - 131?
-134020
In base 2, what is 111010000 - 11011111?
11110001
In base 8, what is -22411 - 620?
-23231
In base 15, what is -1c - 1702?
-171e
In base 9, what is 200 + 15537?
15737
In base 15, what is -79ac + 60?
-794c
In base 4, what is 1301211201 + -10?
1301211131
In base 3, what is -1102 - 210120002?
-210121111
In base 4, what is 1 - 2332033?
-2332032
In base 11, what is 2 + -11a541?
-11a53a
In base 4, what is -32201 - 23210?
-122011
In base 3, what is 1001200 - -1010?
1002210
In base 12, what is -3 + 1b60a?
1b607
In base 3, what is 1002 - 122001000?
-121222221
In base 7, what is -2 + 602254?
602252
In base 8, what is -1 - 6531?
-6532
In base 10, what is -3 - 8878?
-8881
In base 12, what is 3 + -62b967?
-62b964
In base 11, what is -67827 + 1a?
-67808
In base 15, what is 2 + ecec?
ecee
In base 3, what is 10 - 102220112122?
-102220112112
In base 4, what is 23331 + -2031?
21300
In base 8, what is 1 + -230315?
-230314
In base 11, what is 262 + -6856?
-65a4
In base 2, what is 1001000 + 110?
1001110
In base 9, what is -41 - -6642?
6601
In base 13, what is 272 + -11b?
154
In base 14, what is 909 + 3?
90c
In base 6, what is -3442 + 1045?
-2353
In base 5, what is -4 + 11320301?
11320242
In base 8, what is 16267 + 4?
16273
In base 13, what is -3 + -1354a?
-13550
In base 8, what is -42 - 161233?
-161275
In base 11, what is -26954 + -5?
-26959
In base 8, what is -156267 + -25?
-156314
In base 2, what is -1010101101101011110 - -1?
-1010101101101011101
In base 14, what is 18a94 - 16?
18a7c
In base 4, what is -11 - -1111021030?
1111021013
In base 3, what is -220122 + 212111?
-1011
In base 8, what is -1 - 51407?
-51410
In base 11, what is 383 + -400?
-28
In base 9, what is 205 + -223?
-17
In base 14, what is 0 - -612?
612
In base 6, what is -3521232 - 1?
-3521233
In base 11, what is 5 + -5463a6?
-5463a1
In base 8, what is 5 + -373221?
-373214
In base 3, what is -2 - -111222000?
111221221
In base 9, what is 4 + -742662?
-742657
In base 10, what is 1 - -399770?
399771
In base 14, what is 3 - -42a9?
42ac
In base 9, what is 2806 - 1782?
1014
In base 12, what is 23896 + -9?
23889
In base 13, what is 29113 - 5?
2910b
In base 15, what is c - 29e92?
-29e85
In base 9, what is 6 + 10618?
10625
In base 4, what is 333203 + -1033?
332110
In base 2, what is -101 + 11110010111101001?
11110010111100100
In bas